{"id":8,"date":"2017-06-25T07:38:44","date_gmt":"2017-06-25T07:38:44","guid":{"rendered":"http:\/\/wirtualneszlaki.pl\/sklep\/?post_type=product&#038;p=8"},"modified":"2023-06-06T11:03:08","modified_gmt":"2023-06-06T11:03:08","slug":"przewodnik-rowerowy-po-borach-tucholskich-pdf","status":"publish","type":"product","link":"https:\/\/wirtualneszlaki.pl\/sklep\/produkt\/przewodnik-rowerowy-po-borach-tucholskich-pdf\/","title":{"rendered":"Przewodnik rowerowy po Borach Tucholskich (pdf)"},"content":{"rendered":"<div class='et-box et-shadow'>\n\t\t\t\t\t<div class='et-box-content'><p style=\"text-align: center;\">Jako \u015bwietne uzupe\u0142nienie przewodnika polecamy dok\u0142adn\u0105<\/p>\n<p style=\"text-align: center;\"><a href=\"https:\/\/wirtualneszlaki.pl\/sklep\/produkt\/tucholski-park-krajobrazowy-mapa-cyfrowa-150-000\/\" target=\"_blank\" rel=\"noopener\">map\u0119 PDF Bor\u00f3w Tucholskich<\/a><\/p>\n<p style=\"text-align: center;\">(14 z\u0142 &#8211; natychmiastowa wysy\u0142ka)<\/p>\n<p style=\"text-align: center;\"><a href=\"https:\/\/wirtualneszlaki.pl\/sklep\/produkt\/tucholski-park-krajobrazowy-mapa-cyfrowa-150-000\/\" target=\"_blank\" rel=\"noopener\">KUP TERAZ<\/a><\/p><\/div><\/div>\n<p>&nbsp;<\/p>\n<p>&nbsp;<\/p>\n","protected":false},"excerpt":{"rendered":"W komplecie do przewodnika polecamy dok\u0142adn\u0105 <a href=\"https:\/\/wirtualneszlaki.pl\/sklep\/produkt\/tucholski-park-krajobrazowy-mapa-cyfrowa-150-000\/\">map\u0119 Tucholskiego Parku Krajobrazowego (Bory Tucholskie) <\/a>\u00a0w pliku PDF (<strong>14 z\u0142 &#8211; natychmiastowa wysy\u0142ka<\/strong>), kt\u00f3ra zawiera obejmuje m.in. szlaki opisane w tym przewodniku.\r\n\r\nPrzewodnik udost\u0119pniony jest na zasadzie &#8222;zap\u0142a\u0107 ile chcesz&#8221;, co oznacza (<strong>tak!<\/strong>), \u017ce mo\u017cesz ustawi\u0107 0 z\u0142 i pobra\u0107 go za darmo. B\u0119dzie nam jednak niezwykle mi\u0142o, je\u015bli <strong>nie ulegniesz tej pokusie<\/strong> i w wyrazie podzi\u0119kowania przeka\u017cesz cho\u0107 drobny datek.\r\n\r\nTym bardziej, \u017ce po\u0142ow\u0119 wp\u0142at <strong>przekazujemy na rzecz Fundacji Zr\u00f3wnowa\u017conego Rozwoju Lokalnego \u201eCisowy Fyrtel\u201d<\/strong>, kt\u00f3ra zajmuje si\u0119 m.in. organizacj\u0105 rajd\u00f3w rowerowych w Borach Tucholskich.","protected":false},"featured_media":48,"comment_status":"open","ping_status":"closed","template":"","meta":{"_acf_changed":false,"_et_pb_use_builder":"","_et_pb_old_content":"","_et_gb_content_width":""},"product_brand":[],"product_cat":[18,19,25],"product_tag":[],"okolice":[],"powiaty":[],"gminy":[],"obszary_chronione":[],"mezoregiony":[],"miejscowosci":[],"wojewodztwa":[],"class_list":{"0":"post-8","1":"product","2":"type-product","3":"status-publish","4":"has-post-thumbnail","6":"product_cat-przewodniki","7":"product_cat-darmowe","8":"product_cat-e-booki","10":"first","11":"instock","12":"featured","13":"downloadable","14":"virtual","15":"purchasable","16":"product-type-simple"},"acf":[],"_links":{"self":[{"href":"https:\/\/wirtualneszlaki.pl\/sklep\/wp-json\/wp\/v2\/product\/8","targetHints":{"allow":["GET"]}}],"collection":[{"href":"https:\/\/wirtualneszlaki.pl\/sklep\/wp-json\/wp\/v2\/product"}],"about":[{"href":"https:\/\/wirtualneszlaki.pl\/sklep\/wp-json\/wp\/v2\/types\/product"}],"replies":[{"embeddable":true,"href":"https:\/\/wirtualneszlaki.pl\/sklep\/wp-json\/wp\/v2\/comments?post=8"}],"wp:featuredmedia":[{"embeddable":true,"href":"https:\/\/wirtualneszlaki.pl\/sklep\/wp-json\/wp\/v2\/media\/48"}],"wp:attachment":[{"href":"https:\/\/wirtualneszlaki.pl\/sklep\/wp-json\/wp\/v2\/media?parent=8"}],"wp:term":[{"taxonomy":"product_brand","embeddable":true,"href":"https:\/\/wirtualneszlaki.pl\/sklep\/wp-json\/wp\/v2\/product_brand?post=8"},{"taxonomy":"product_cat","embeddable":true,"href":"https:\/\/wirtualneszlaki.pl\/sklep\/wp-json\/wp\/v2\/product_cat?post=8"},{"taxonomy":"product_tag","embeddable":true,"href":"https:\/\/wirtualneszlaki.pl\/sklep\/wp-json\/wp\/v2\/product_tag?post=8"},{"taxonomy":"okolice","embeddable":true,"href":"https:\/\/wirtualneszlaki.pl\/sklep\/wp-json\/wp\/v2\/okolice?post=8"},{"taxonomy":"powiaty","embeddable":true,"href":"https:\/\/wirtualneszlaki.pl\/sklep\/wp-json\/wp\/v2\/powiaty?post=8"},{"taxonomy":"gminy","embeddable":true,"href":"https:\/\/wirtualneszlaki.pl\/sklep\/wp-json\/wp\/v2\/gminy?post=8"},{"taxonomy":"obszary_chronione","embeddable":true,"href":"https:\/\/wirtualneszlaki.pl\/sklep\/wp-json\/wp\/v2\/obszary_chronione?post=8"},{"taxonomy":"mezoregiony","embeddable":true,"href":"https:\/\/wirtualneszlaki.pl\/sklep\/wp-json\/wp\/v2\/mezoregiony?post=8"},{"taxonomy":"miejscowosci","embeddable":true,"href":"https:\/\/wirtualneszlaki.pl\/sklep\/wp-json\/wp\/v2\/miejscowosci?post=8"},{"taxonomy":"wojewodztwa","embeddable":true,"href":"https:\/\/wirtualneszlaki.pl\/sklep\/wp-json\/wp\/v2\/wojewodztwa?post=8"}],"curies":[{"name":"wp","href":"https:\/\/api.w.org\/{rel}","templated":true}]}}